{"id":1757,"date":"2016-06-14T01:53:06","date_gmt":"2016-06-14T00:53:06","guid":{"rendered":"http:\/\/the7.io\/construction\/?page_id=2"},"modified":"2025-06-01T20:55:32","modified_gmt":"2025-06-01T19:55:32","slug":"home-2","status":"publish","type":"page","link":"http:\/\/notare-wwk-gp.de\/","title":{"rendered":"Home"},"content":{"rendered":"<div class=\"wpb-content-wrapper\"><p>[vc_row equal_height=&#8221;yes&#8221; type=&#8221;vc_default&#8221; css=&#8221;.vc_custom_1584898224563{padding-top: 10px !important;padding-bottom: 40px !important;}&#8221;][vc_column width=&#8221;2\/3&#8243;]<div id=\"ultimate-heading-608669f4698075b50\" class=\"uvc-heading ult-adjust-bottom-margin ultimate-heading-608669f4698075b50 uvc-7445 accent-border-color\" data-hspacer=\"line_only\"  data-halign=\"left\" style=\"text-align:left\"><div class=\"uvc-main-heading ult-responsive\"  data-ultimate-target='.uvc-heading.ultimate-heading-608669f4698075b50 h2'  data-responsive-json-new='{\"font-size\":\"desktop:26px;\",\"line-height\":\"desktop:36px;\"}' ><h2 style=\"--font-weight:theme;\">Herzlich Willkommen!<\/h2><\/div><div class=\"uvc-heading-spacer line_only\" style=\"margin-top:15px;margin-bottom:50px;height:4px;\"><span class=\"uvc-headings-line\" style=\"border-style:solid;border-bottom-width:4px;border-color:;width:50px;\"><\/span><\/div><div class=\"uvc-sub-heading ult-responsive\"  data-ultimate-target='.uvc-heading.ultimate-heading-608669f4698075b50 .uvc-sub-heading '  data-responsive-json-new='{\"font-size\":\"\",\"line-height\":\"\"}'  style=\"font-weight:normal;\">Herzlich Willkommen bei den Notaren Wahl Weber Kuhn in G\u00f6ppingen.<\/p>\n<p>Als freiberufliche Notare sind wir Ihre Ansprechpartner in G\u00f6ppingen f\u00fcr alle notarrelevanten Gebiete.<\/p>\n<p>Wir bieten Ihnen als Tr\u00e4ger eines \u00f6ffentlichen Amtes eine neutrale, objektive und individuelle Beratung in unseren Kernkompetenzen Immobilienrecht, Gesellschaftsrecht sowie Erb- und Familienrecht an. Hierbei werden wir von unseren engagierten, qualifizierten und freundlichen Mitarbeitern unterst\u00fctzt.<\/p>\n<p>Wir freuen uns, Sie in unseren modernen, klimatisierten R\u00e4umlichkeiten begr\u00fc\u00dfen und f\u00fcr Sie t\u00e4tig werden zu d\u00fcrfen.<\/p>\n<p>Ihre Notare Kathrin Wahl, Ulrich Weber und Felix Kuhn<\/div><\/div>[\/vc_column][\/vc_row]<\/p>\n<\/div>","protected":false},"excerpt":{"rendered":"<p>[vc_row equal_height=&#8221;yes&#8221; type=&#8221;vc_default&#8221; css=&#8221;.vc_custom_1584898224563{padding-top: 10px !important;padding-bottom: 40px !important;}&#8221;][vc_column width=&#8221;2\/3&#8243;][\/vc_column][\/vc_row]<\/p>\n","protected":false},"author":2,"featured_media":0,"parent":0,"menu_order":0,"comment_status":"closed","ping_status":"closed","template":"","meta":{"_monsterinsights_skip_tracking":false,"_monsterinsights_sitenote_active":false,"_monsterinsights_sitenote_note":"","_monsterinsights_sitenote_category":0,"footnotes":""},"class_list":["post-1757","page","type-page","status-publish","hentry","description-off"],"_links":{"self":[{"href":"http:\/\/notare-wwk-gp.de\/index.php\/wp-json\/wp\/v2\/pages\/1757"}],"collection":[{"href":"http:\/\/notare-wwk-gp.de\/index.php\/wp-json\/wp\/v2\/pages"}],"about":[{"href":"http:\/\/notare-wwk-gp.de\/index.php\/wp-json\/wp\/v2\/types\/page"}],"author":[{"embeddable":true,"href":"http:\/\/notare-wwk-gp.de\/index.php\/wp-json\/wp\/v2\/users\/2"}],"replies":[{"embeddable":true,"href":"http:\/\/notare-wwk-gp.de\/index.php\/wp-json\/wp\/v2\/comments?post=1757"}],"version-history":[{"count":5,"href":"http:\/\/notare-wwk-gp.de\/index.php\/wp-json\/wp\/v2\/pages\/1757\/revisions"}],"predecessor-version":[{"id":2251,"href":"http:\/\/notare-wwk-gp.de\/index.php\/wp-json\/wp\/v2\/pages\/1757\/revisions\/2251"}],"wp:attachment":[{"href":"http:\/\/notare-wwk-gp.de\/index.php\/wp-json\/wp\/v2\/media?parent=1757"}],"curies":[{"name":"wp","href":"https:\/\/api.w.org\/{rel}","templated":true}]}}